(4). Let b be (-12 + -2)*(-1)/l. Let j = b - -11. Let p(v) = -v**2 + 6*v - 2. What is p(j)?
6
Let x(m) = 2*m + 5. Let n(o) = -o - 7. Let v = 8 + -11. Let g be n(v). Give x(g).
-3
Let p = 22 + -20. Let r(a) = 7*a**2 - a**p - 17 + 18 - 2*a. Calculate r(1).
5
Let v(j) be the second derivative of -j**3/6 - j**2/2 - 6*j. Calculate v(-6).
5
Let m be 2/9 + (-266)/63. Let k(o) = -o**3 - 3*o**2 - 1. What is k(m)?
15
Let b(o) = 3*o**2 + 6*o - 9. Let z(l) = -l**2 - 1. Let h(i) = -b(i) - 2*z(i). Give h(-8).
-5
Let p(t) = t**3 + t**2 + t + 4. Let g(x) = -x. Let r(j) = 2*g(j) + p(j). Give r(0).
4
Let b(v) = -2*v - 8. Let l be b(-5). Let q(c) = c. Calculate q(l).
2
Suppose 4*y - 2*y = 12. Let m(x) = 4*x - 2*x - 8 + 1. Let p be m(y). Let c(q) = q**2 - 4*q + 2. Calculate c(p).
7
Let d(t) = t**2 - t. Let r(i) = 2*i**2 - 2*i. Let c(o) = -3*d(o) + r(o). Let m = 4 - 3. Determine c(m).
0
Let f = 8 - 6. Let k(j) = -j**2 + 3 + 0*j**2 - 3*j + 2*j**f. Determine k(4).
7
Let b be 3 + (4 + -3 - -1). Suppose -2*u = 3*u + b. Let s(f) = -4*f**3. Determine s(u).
4
Let k(s) = s**3 - 5*s**2 + 7*s - 5. Suppose -4*c - 4*c = -32. Determine k(c).
7
Suppose -5*x + 12 = -7*x. Let q = 26 + -36. Let n = x - q. Let k(i) = 2*i**2 - 6*i. Calculate k(n).
8
Let r(g) = -g**2 - 7*g - 4. Let i = 5 + -1. Let c = i + -10. Let s be r(c). Let q(o) = -o**3 + o - 2. What is q(s)?
-8
Let d(c) be the second derivative of -1/20*c**5 + 1/6*c**3 + 1/4*c**4 + 4*c + 3/2*c**2 + 0. Give d(3).
6
Let b(s) = -24*s - 20*s + 9*s - 36 + 11. Let p = 26 + -1. Let m(a) = 3*a + 2. Let c(u) = p*m(u) + 2*b(u). What is c(-1)?
-5
Suppose 4*y + 1 + 2 = -p, 2*p + 5*y = -3. Suppose p = -3*z - 8. Let x(k) be the second derivative of -k**4/12 - k**3/3 - k**2 + k. Calculate x(z).
-5
Let c(d) = -d + 3. Let j(p) be the third derivative of -p**5/60 + p**4/3 - p**3/6 + 4*p**2. Let w be j(7). Determine c(w).
-3
Let a(f) be the second derivative of f**4/3 - f**3/6 - f**2/2 - 9*f. Determine a(-1).
4
Suppose 4*y - 6 = -26. Let q(a) be the second derivative of a**3/6 + 4*a**2 - 3*a. Give q(y).
3
Let l(i) = -7*i**3 + 5*i**2 - 4*i - 3. Suppose 3*w = 2*w + 3. Let d(h) = -4*h**3 + 2*h**2 - 2*h - 2. Let b(j) = w*l(j) - 5*d(j). Give b(4).
9
Let y(t) = -2*t + 7. Let l = -12 - -12. Suppose -2*r - 4 + 14 = l. Give y(r).
-3
Let p(c) = -5*c**2 + 6*c - 10. Let y(k) = 6*k**2 - 6*k + 11. Let h(i) = 7*p(i) + 6*y(i). Calculate h(-6).
-4
Let b = 5 + -3. Let x(y) = -1 - 6*y + 1 + 1 - 2*y**2 - b. What is x(-4)?
-9
Let u(g) = -21*g**3 - 8*g**2 + 11*g. Let w(l) = -7*l**3 - 3*l**2 + 4*l. Let d(q) = 4*u(q) - 11*w(q). Let p be 3/2*8/12. Determine d(p).
-6
Let m(k) = 2*k**2 + 3*k. Suppose 40 = -3*h + 34. Determine m(h).
2
Suppose q + 4 - 7 = 0. Suppose -4 = -s + 3*b + 12, -5*s = -q*b - 32. Let v(n) = -n - 6 - 3 + 2*n + 1. Determine v(s).
-4
Let p = -4 - -6. Let w(o) = -3*o + 1. Let u(f) = 2*f - 1. Let t(i) = 5*u(i) + 3*w(i). Determine t(p).
0
Let y(b) = b**2 + 8*b + 9. Let r be y(-5). Let w(u) = u - 2. Calculate w(r).
-8
Let i(b) = -b + 9. Let z be i(7). Let p be (-3 + 1)*(z + -4). Let f(s) = 0*s + p + 2*s - 3. Calculate f(3).
7
Let k(r) = 3*r**3 - r**2. Suppose 0 = -3*m + 5*m. Suppose 4 = -m*b + 2*b. Suppose -2 = b*i + 5*u - 2*u, 0 = i + 3*u + 1. Calculate k(i).
-4
Let o(h) be the second derivative of h**5/20 + h**4/4 - h**2/2 - 2*h. Suppose -4*l - 2*b + 0 = -6, 2*b - 11 = l. Determine o(l).
1
Let d(f) be the third derivative of -f**6/120 - f**5/15 + 5*f**4/24 - f**3 + 10*f**2. Suppose -2*g + 2*v - 20 = 0, v - 15 = 4*g + 2*v. Calculate d(g).
-6
Suppose y + 23 - 1 = -4*j, 2*j = -y - 10. Let i(u) = -u**2 - 6*u + 6. Calculate i(j).
6
Let m(q) = 2*q. Let d be m(2). Let u = 0 + d. Let x(c) = 1 + 3*c - u*c - 4*c + 3*c. What is x(-3)?
7
Suppose 2*k + 15 = -15. Let g = 24 + -13. Let m = k + g. Let s(z) = z**3 + 3*z**2 - 4*z - 6. Calculate s(m).
-6
Let y(i) = 3*i + 38. Let z be y(-15). Let m(u) = u - 3. What is m(z)?
-10
Let x be 1/(3 - (-60)/(-21)). Let i be 12/16 + x/(-4). Let z(p) = -6*p - 1. Calculate z(i).
5
Let s(i) = -i - 4. Suppose -4*o = -0*o - 16. Suppose 0 = -a - o*a. Let c be s(a). Let j(u) = u + 1. Calculate j(c).
-3
Let i be 1*2 - (-1 + 1). Let l(s) = 1 - 2 + 2 - i*s. Suppose -o - 12 = -3*d, 4*d + 4*o = 19 + 13. What is l(d)?
-9
Let w(a) be the first derivative of -5*a**3/3 + a**2/2 - 2. Determine w(-1).
-6
Suppose -5*f - 4 = -j, 3*j + 2*f = -0*j - 5. Let n(k) = 9*k - 5. Let c(r) = 5*r - 3. Let l(h) = -10*c(h) + 6*n(h). Determine l(j).
-4
Suppose 0 = -2*b - 6. Let u(t) be the second derivative of t**4/12 + t**3 + 2*t**2 - 9*t. Calculate u(b).
-5
Let k be 1/(-2) + (-10)/4. Let r = -6 - k. Let n(a) be the third derivative of a**6/120 + a**5/30 - a**4/12 - 8*a**2. Give n(r).
-3
Suppose 0 = 4*b - o + 11, b = -3*b + 5*o + 9. Let j(p) = p**2 + 3*p - 2 + p**2 - p**2. Give j(b).
2
Let j(a) be the second derivative of a**3/3 - 5*a**2/2 - a. What is j(4)?
3
Let u be (-53)/(-11) - 5 - (-158)/22. Let h(b) = -b + 4. What is h(u)?
-3
Let n(t) = 5*t + 14. Let c(o) = -4*o - 13. Let b(w) = 6*c(w) + 5*n(w). Let q be -2 + 4*1/2. Determine b(q).
-8
Let o(t) = -t**3 - t**2 + 2*t - 3. Let y(d) = d**2 + 11*d - 3. Let r be y(-11). Calculate o(r).
9
Let x(f) = -f**2 + 7*f - 5. Let g be (2/(-4))/(1/(-10)). Suppose 0 = 5*k - 9 + 34, 2*k = -g*h + 15. What is x(h)?
5
Suppose -4*k = l - 24, 3 - 34 = -4*l - 3*k. Let x be 5 + (-1)/((-3)/9). Suppose -5*w - 13 = i, -8 - x = 2*w + l*i. Let y(t) = t**2 + t + 2. Give y(w).
4
Let v(s) = -s - 1. Let q be v(-3). Suppose 0 = q*f - 4*f + t - 8, 26 = -5*f + t. Let m(p) = -p**3 - 7*p**2 - 5*p + 4. Determine m(f).
-2
Let q(h) = 24 - h**2 - h**2 + h + 2*h**3 - 26. What is q(2)?
8
Let k = 21 - 18. Let b(h) = -h**3 + 4*h**2 - 5*h + 3. What is b(k)?
-3
Let v(m) = -80 - m**3 - m**2 + 7*m + 86 - 3*m**2. What is v(-5)?
-4
Let d(s) = -s + 8. Let r be d(10). Let i(x) = -x**2 - 10*x - 3. Let n(m) = -m**2 - 9*m - 3. Let c(p) = 5*i(p) - 6*n(p). Determine c(r).
-1
Let b(h) = 5 - 2*h + 1 + 2*h + h. Give b(-6).
0
Let r(m) = -m**3 - 6*m + 0*m**2 + 0*m**3 + 5 - 1 + 5*m**2. Suppose -5*n - 25 = 0, 0 = -4*d + 2*n - 3*n - 33. Let k = 11 + d. Give r(k).
-4
Let h(x) be the third derivative of 0*x + 0 + 1/6*x**3 + 1/360*x**6 - 1/24*x**4 + x**2 - 1/120*x**5. Let l(n) be the first derivative of h(n). Give l(-1).
1
Let w(h) be the second derivative of h**4/12 - h**3 - 47*h. Let r be (-3)/(0 + 2/(-2)). Determine w(r).
-9
Let v(y) = 2*y**2 + 2*y - 5. Let r(k) = -k**2 + 1. Suppose 3*h + 7 = 22. Let b(i) = h*r(i) + v(i). Calculate b(2).
-8
Let t(p) = 5*p + 3. Let b(w) = -2*w + 2. Let j(c) = 1. Let k(f) = b(f) - 3*j(f). Let y(l) = -11*k(l) - 4*t(l). Calculate y(-5).
-11
Let m = -65 - -61. Let r(a) = -a**3 - 4*a**2 - a - 2. Determine r(m).
2
Suppose 1 = -4*x + 9. Let t(i) be the third derivative of -1/6*i**3 + 1/20*i**5 + 0*i + 1/12*i**4 + 1/120*i**6 + 0 - i**x. Calculate t(-2).
-1
Let z(u) = -8*u - 1. Let p be (-1 + -2 - -2) + 2. Let x(a) = 0*a - a + 0*a. Let b(c) = p*z(c) - 6*x(c). Calculate b(2).
-5
Let y(o) = -o - 5. Let f = 14 - 21. Let z be 1/((f/6)/7). Give y(z).
1
Let w(v) = 2*v**3 + 4*v**2 + 4*v + 3. Suppose -3*o - f - 6 = -2*f, -3*f - 10 = 5*o. Determine w(o).
-5
Let z(b) be the first derivative of 3/2*b**2 + 1 + 5*b. Calculate z(-5).
-10
Let p(d) be the second derivative of -d**4/6 + d**3/3 + 2*d**2 - 2*d. Calculate p(3).
-8
Let h be (-56)/(-20) + (-2)/(-10). Let v(k) = -h*k**2 + 2*k + 2 + 1 + 4*k**2. Determine v(-3).
6
Suppose -4*f - 21 = -21. Let d(x) = x**3 - 6. What is d(f)?
-6
Let h = -17 + 7. Let d = 1 - h. Let z = -6 + d. Let a(k) = 2*k - 5. Calculate a(z).
5
Let h(k) = k**3 - k**2 - 1. Let s(f) = -1. Let u(i) = -3*i**3 + i**2 + 2*i + 8. Let g(m) = -5*s(m) - u(m). Let o(j) = g(j) - 2*h(j). Determine o(-1).
1
Let f = 8 - 6. Let y(b) = -3 + 4*b**2 + f - 5*b**2 + b. Suppose -3*q + 11 = -4*x, -2*x + 5*x - 2*q + 7 = 0. Determine y(x).
-1
Let y = 22 - 21. Let t(m) be the first derivative of -1/2*m**2 + y + 0*m. What is t(4)?
-4
Let w(o) = o**2 - o + 1. Let u(a) = 3*a**2 - 6*a - 2. Let m(i) = -u(i) + w(i). What is m(4)?
-9
Suppose 3*s + 0 = -9. Let q(v) = -v + 1. Determine q(s).
4
Suppose -5*q = 2*q + 35. Let k(f) = f**3 + 7*f**2 + 8*f + 4. What is k(q)?
14
Let k(z) = -232 + 5*z - z + z**2 + 229. Determine k(-4).
-3
Let p(s) = -4*s + 5. Let o(z) = 2*z - 2. Let n(m) 